se
Is 5 a factor of 1325?
True
Is 47968 a multiple of 23?
False
Is 22 a factor of 1669?
False
Is 27 a factor of 567?
True
Does 113 divide 741?
False
Does 34 divide 12580?
True
Does 13 divide 11080?
False
Is 326 a multiple of 50?
False
Does 45 divide 11853?
False
Is 1869 a multiple of 7?
True
Is 670 a multiple of 8?
False
Is 9 a factor of 3033?
True
Does 4 divide 14721?
False
Is 280 a factor of 34503?
False
Is 294 a multiple of 17?
False
Is 433 a multiple of 40?
False
Does 16 divide 98?
False
Is 535 a multiple of 17?
False
Does 2 divide 30?
True
Does 21 divide 588?
True
Is 4 a factor of 619?
False
Is 11 a factor of 5748?
False
Does 149 divide 39485?
True
Is 4659 a multiple of 3?
True
Does 7 divide 2548?
True
Is 7370 a multiple of 134?
True
Is 8555 a multiple of 18?
False
Does 36 divide 127?
False
Is 23 a factor of 18782?
False
Is 351 even?
False
Does 14 divide 3075?
False
Does 8 divide 325?
False
Is 8 a factor of 3096?
True
Does 19 divide 190?
True
Does 95 divide 44883?
False
Is 160 a multiple of 32?
True
Is 1008 a multiple of 21?
True
Is 1632 a multiple of 32?
True
Does 30 divide 56308?
False
Does 38 divide 2028?
False
Is 8661 a multiple of 16?
False
Is 76 a multiple of 4?
True
Does 13 divide 12272?
True
Is 80 a factor of 640?
True
Is 33987 a multiple of 28?
False
Is 90 a factor of 3668?
False
Is 173 a factor of 2003?
False
Is 84 a multiple of 47?
False
Does 4 divide 152?
True
Is 98 a factor of 2058?
True
Does 25 divide 65725?
True
Does 14 divide 4130?
True
Is 1800 a multiple of 36?
True
Is 4967 a multiple of 16?
False
Is 27 a factor of 35870?
False
Does 29 divide 1300?
False
Is 13 a factor of 78?
True
Does 31 divide 39648?
False
Does 26 divide 8138?
True
Is 81 a factor of 648?
True
Is 14 a factor of 3808?
True
Does 25 divide 1650?
True
Is 57 a factor of 2162?
False
Is 3042 a multiple of 16?
False
Is 5 a factor of 1675?
True
Is 35 a factor of 265?
False
Is 1594 a multiple of 20?
False
Is 20538 a multiple of 7?
True
Is 50310 a multiple of 195?
True
Is 408 a multiple of 6?
True
Is 14 a factor of 56?
True
Is 9 a factor of 6579?
True
Does 2 divide 627?
False
Is 13 a factor of 721?
False
Is 2 a factor of 30759?
False
Is 100 a factor of 1603?
False
Does 44 divide 4488?
True
Does 11 divide 1048?
False
Is 6 a factor of 715?
False
Is 21 a factor of 35?
False
Is 52 a factor of 732?
False
Is 22 a factor of 47256?
True
Is 25 a factor of 400?
True
Is 57 a factor of 302?
False
Is 20 a factor of 11720?
True
Is 47 a factor of 658?
True
Does 51 divide 30454?
False
Is 16 a factor of 4848?
True
Does 195 divide 91478?
False
Is 6 a factor of 497?
False
Is 38 a factor of 70756?
True
Is 37 a multiple of 6?
False
Does 10 divide 6710?
True
Does 63 divide 90259?
False
Is 3416 a multiple of 7?
True
Does 63 divide 36491?
False
Does 3 divide 1761?
True
Is 730 a multiple of 14?
False
Is 2 a factor of 911?
False
Does 23 divide 7728?
True
Is 4830 a multiple of 15?
True
Is 129 a factor of 13535?
False
Is 2280 a multiple of 38?
True
Is 45 a factor of 65925?
True
Does 93 divide 19722?
False
Is 105 a factor of 18900?
True
Is 44 a factor of 704?
True
Does 47 divide 423?
True
Does 7 divide 294?
True
Is 16 a factor of 21451?
False
Is 3285 a multiple of 73?
True
Is 83 a factor of 26228?
True
Does 7 divide 389?
False
Is 29 a factor of 102051?
True
Is 42 a multiple of 2?
True
Is 15000 a multiple of 50?
True
Is 49 a factor of 1848?
False
Is 34 a factor of 8460?
False
Does 56 divide 77952?
True
Is 3363 a multiple of 85?
False
Is 720 a multiple of 6?
True
Is 19740 a multiple of 141?
True
Is 30 a factor of 5598?
False
Does 85 divide 2890?
True
Is 5418 a multiple of 23?
False
Is 73 a multiple of 4?
False
Is 16 a factor of 9568?
True
Does 68 divide 14397?
False
Does 86 divide 9288?
True
Is 7806 a multiple of 13?
False
Is 5 a factor of 1420?
True
Is 26 a factor of 1595?
False
Does 19 divide 399?
True
Is 29 a factor of 116?
True
Is 5 a factor of 25050?
True
Is 16461 a multiple of 2?
False
Is 4 a factor of 104?
True
Is 71 a factor of 1614?
False
Is 20 a factor of 700?
True
Does 110 divide 31489?
False
Is 11 a factor of 3443?
True
Does 33 divide 19668?
True
Does 91 divide 37492?
True
Does 47 divide 2233?
False
Is 3960 a multiple of 30?
True
Is 29 a factor of 1856?
True
Does 55 divide 657?
False
Is 592 a multiple of 44?
False
Is 3 a factor of 357?
True
Is 1030 a multiple of 103?
True
Is 22 a factor of 726?
True
Is 10 a factor of 280?
True
Is 19346 a multiple of 21?
False
Is 2457 a multiple of 13?
True
Is 19 a factor of 1229?
False
Does 9 divide 63180?
True
Is 52336 a multiple of 8?
True
Does 133 divide 16143?
False
Is 207 a factor of 2898?
True
Is 7082 a multiple of 12?
False
Is 35 a multiple of 2?
False
Is 104 a factor of 7675?
False
Is 11 a factor of 6923?
False
Does 23 divide 8206?
False
Is 169 a factor of 2197?
True
Is 644 a multiple of 37?
False
Is 30 a factor of 3925?
False
Is 6615 a multiple of 21?
True
Does 57 divide 1197?
True
Is 70 a factor of 44940?
True
Is 2400 a multiple of 32?
True
Is 12 a factor of 152?
False
Is 13 a factor of 12233?
True
Does 17 divide 483?
False
Is 2 a factor of 79?
False
Is 17 a factor of 9588?
True
Is 4050 a multiple of 10?
True
Is 329 a multiple of 18?
False
Is 1785 a multiple of 5?
True
Does 30 divide 1740?
True
Is 9224 a multiple of 36?
False
Is 18854 a multiple of 171?
False
Is 136932 a multiple of 17?
False
Is 41 a factor of 1867?
False
Does 30 divide 702?
False
Is 745 a multiple of 45?
False
Does 63 divide 858?
False
Does 213 divide 2982?
True
Is 1162 a multiple of 14?
True
Is 4 a factor of 639?
False
Is 137 a factor of 962?
False
Is 10 a factor of 95420?
True
Is 6 a factor of 546?
True
Is 348 a factor of 4416?
False
Is 315 a multiple of 39?
False
Does 134 divide 6388?
False
Is 1080 a multiple of 41?
False
Is 2 a factor of 244?
True
Is 8 a factor of 29054?
False
Does 71 divide 104961?
False
Is 16 a factor of 130704?
True
Is 651 a multiple of 21?
True
Is 221 a factor of 27712?
False
Does 5 divide 40030?
True
Is 1989 a multiple of 39?
True
Is 298 a multiple of 5?
False
Is 76456 a multiple of 19?
True
Is 10 a factor of 380?
True
Is 2 a factor of 2778?
True
Does 70 divide 851?
False
Does 4 divide 172?
True
Is 8 a factor of 671?
False
Is 20 a factor of 2329?
False
Is 5429 a multiple of 61?
True
Does 74 divide 2706?
False
Does 32 divide 1504?
True
Is 20220 a multiple of 4?
True
Is 26820 a multiple of 6?
True
Is 28 a factor of 4404?
False
Is 15 a factor of 416?
False
Does 25 divide 150?
True
Is 1494 a multiple of 8?
False
Is 32769 a multiple of 35?
False
Is 21073 a multiple of 26?
False
Is 180 a multiple of 3?
True
Is 1218 a multiple of 57?
False
Is 31066 a multiple of 207?
False
Is 1080 a multiple of 9?
True
Does 440 divide 4064?
False
Does 23 divide 13869?
True
Does 16 divide 24816?
True
Is 19351 a multiple of 6?
False
Does 11 divide 333?
False
Does 29 divide 22272?
True
Does 61 divide 5637?
False
Does 11 divide 77?
True
Is 15 a factor of 449?
False
Does 8 divide 1712?
True
Is 9 a factor of 4039?
False
Does 29 divide 417?
False
Is 663 a multiple of 22?
False
Is 14 a factor of 6986?
True
Is 342 a multiple of 6?
True
Does 61 divide 3272?
False
Is 9 a factor of 2514?
False
Is 73 a factor of 1217?
False
Is 47 a factor of 9306?
True
Is 12 a factor of 131?
False
Is 469 a multiple of 7?
True
Does 34 divide 748?
True
Is 82 a factor of 560?
False
Does 10 divide 1837?
False
Is 2205 a multiple of 7?
True
Does 75 divide 600?
True
Is 817 a multiple of 43?
True
Does 4 divide 2568?
True
Does 23 divide 8142?
True
Is 55 a factor of 386?
False
Does 4 divide 4397?
False
Does 10 divide 4367?
False
Is 2096 a multiple of 14?
False
Does 8 divide 560?
True
Is 9 a factor of 1507?
False
Is 96 a multiple of 6?
True
Is 218 a multiple of 5?
False
Is 11655 a multiple of 35?
True
Is 51 a factor of 3315?
True
Is 2 a factor of 84?
True
Is 990 a multiple of 102?
False
Is 14240 a multiple of 32?
True
Is 2056 a multiple of 13?
False
Is 2198 a multiple of 53?
False
Is 8140 a multiple of 44?
True
Is 843 a multiple of 40?
False
Does 8 divide 11849?
False
Does 51 divide 626?
False
Does 35 divide 464?
False
Does 10 divide 6260?
True
Is 33 a factor of 2343?
True
Does 19 divide 560?
False
Is 96 a factor of 9408?
True
Does 38 divide 1824?
True
Is 32 a factor of 3456?
True
Does 6 divide 633?
False
